{"id":40,"date":"2016-09-28T12:30:06","date_gmt":"2016-09-28T10:30:06","guid":{"rendered":"http:\/\/www.meworla.com\/wordpress\/?page_id=40"},"modified":"2016-09-28T12:30:11","modified_gmt":"2016-09-28T10:30:11","slug":"datenmigration","status":"publish","type":"page","link":"https:\/\/www.meworla.com\/index.php\/dienstleistungen\/datenmigration\/","title":{"rendered":"Datenmigration"},"content":{"rendered":"<p>Heute startet niemand mehr auf der gr\u00fcnen Wiese: H\u00e4ufig sind seit Jahren Informationssysteme oder Datenbanken im Einsatz, die Dokumentation \u00fcber die Dtaenstrukturen fehlen jedoch, oder die Software erf\u00fcllt die Anforderungen nicht mehr.<\/p>\n<p>Wir untersuchen Ihre Datenbest\u00e4nde und bereiten diese f\u00fcr die Migration in neue Software vor.<\/p>\n","protected":false},"excerpt":{"rendered":"<p>Heute startet niemand mehr auf der gr\u00fcnen Wiese: H\u00e4ufig sind seit Jahren Informationssysteme oder Datenbanken im Einsatz, die Dokumentation \u00fcber die Dtaenstrukturen fehlen jedoch, oder die Software erf\u00fcllt die Anforderungen &#8230;<\/p>\n","protected":false},"author":1,"featured_media":0,"parent":14,"menu_order":0,"comment_status":"closed","ping_status":"closed","template":"","meta":{"footnotes":""},"class_list":["post-40","page","type-page","status-publish","hentry"],"_links":{"self":[{"href":"https:\/\/www.meworla.com\/index.php\/wp-json\/wp\/v2\/pages\/40","targetHints":{"allow":["GET"]}}],"collection":[{"href":"https:\/\/www.meworla.com\/index.php\/wp-json\/wp\/v2\/pages"}],"about":[{"href":"https:\/\/www.meworla.com\/index.php\/wp-json\/wp\/v2\/types\/page"}],"author":[{"embeddable":true,"href":"https:\/\/www.meworla.com\/index.php\/wp-json\/wp\/v2\/users\/1"}],"replies":[{"embeddable":true,"href":"https:\/\/www.meworla.com\/index.php\/wp-json\/wp\/v2\/comments?post=40"}],"version-history":[{"count":1,"href":"https:\/\/www.meworla.com\/index.php\/wp-json\/wp\/v2\/pages\/40\/revisions"}],"predecessor-version":[{"id":41,"href":"https:\/\/www.meworla.com\/index.php\/wp-json\/wp\/v2\/pages\/40\/revisions\/41"}],"up":[{"embeddable":true,"href":"https:\/\/www.meworla.com\/index.php\/wp-json\/wp\/v2\/pages\/14"}],"wp:attachment":[{"href":"https:\/\/www.meworla.com\/index.php\/wp-json\/wp\/v2\/media?parent=40"}],"curies":[{"name":"wp","href":"https:\/\/api.w.org\/{rel}","templated":true}]}}